c8c (base 13) to base 2.
100001100000
Convert -8b4 (base 15) to base 10.
-1969
-113222 (base 6) to base 12
-5812
What is -130204 (base 5) in base 2?
-1001110111110
-100000 (base 3) to base 8
-363
What is -3307 (base 9) in base 14?
-c61
Convert -309 (base 11) to base 16.
-174
Convert -103111 (base 4) to base 10.
-1237
Convert 1a2 (base 16) to base 7.
1135
1101101010011001 (base 2) to base 12
28475
What is -212113 (base 6) in base 5?
-1023300
4140 (base 6) to base 4
32130
Convert 36b8 (base 12) to base 5.
144223
Convert 46e6 (base 15) to base 3.
202200000
What is -33 (base 12) in base 11?
-36
1150 (base 6) to base 2
100011010
-455 (base 7) to base 4
-3230
What is -17606 (base 8) in base 2?
-1111110000110
Convert -1000011000011100 (base 2) to base 8.
-103034
-10110010011010 (base 2) to base 4
-2302122
Convert -3b3a (base 12) to base 11.
-5135
Convert 322332 (base 6) to base 12.
133a8
What is 1961 (base 13) in base 12?
2245
What is -124 (base 11) in base 16?
-93
c12 (base 14) to base 13
1102
23003 (base 5) to base 10
1628
Convert 724 (base 11) to base 10.
873
What is 101110010 (base 2) in base 8?
562
Convert 100201002 (base 3) to base 8.
15644
-30032 (base 8) to base 7
-50621
Convert 19aa (base 11) to base 10.
2540
Convert 222265 (base 7) to base 9.
58747
Convert -100037 (base 8) to base 15.
-9ab9
Convert 10cc3 (base 13) to base 4.
13200130
-14547 (base 9) to base 11
-7503
Convert -10110010 (base 2) to base 14.
-ca
4270 (base 8) to base 9
3050
What is -3c7 (base 13) in base 14?
-35c
22262 (base 9) to base 2
11100111001110
1466 (base 16) to base 3
21011102
-214 (base 16) to base 3
-201201
1264 (base 16) to base 7
16504
What is 1c0b (base 13) in base 9?
5726
What is 1001110111001 (base 2) in base 4?
1032321
Convert -31115 (base 6) to base 16.
-1037
Convert -14022 (base 5) to base 13.
-696
What is 12973 (base 10) in base 13?
5b9c
2c81 (base 16) to base 12
6715
187 (base 15) to base 8
540
What is -11121 (base 7) in base 12?
-1760
Convert -335 (base 11) to base 7.
-1112
120010 (base 3) to base 4
12120
What is 1588 (base 14) in base 16?
f04
What is 446 (base 8) in base 9?
356
Convert -26503 (base 7) to base 10.
-7108
-2253 (base 8) to base 10
-1195
What is -8a6 (base 13) in base 8?
-2720
What is 4434 (base 6) in base 7?
3001
What is 10100010111110 (base 2) in base 8?
24276
What is 8014 (base 16) in base 10?
32788
-1c2 (base 15) to base 8
-627
What is -30203130 (base 4) in base 3?
-2121112110
Convert 2162 (base 7) to base 10.
779
What is 14628 (base 13) in base 15?
b59c
Convert -2662 (base 8) to base 7.
-4152
What is 126 (base 7) in base 10?
69
What is 101010101110101 (base 2) in base 15?
6737
202423 (base 5) to base 12
39b1
17034 (base 8) to base 3
101120111
-1527 (base 10) to base 16
-5f7
What is -1680 (base 14) in base 16?
-fc0
What is -170 (base 13) in base 6?
-1112
What is 180a (base 11) in base 16?
905
Convert 1976 (base 13) to base 5.
110230
Convert -10031133 (base 4) to base 8.
-41537
What is -140 (base 8) in base 12?
-80
What is 1577 (base 8) in base 9?
1204
-554 (base 7) to base 11
-239
-1765 (base 8) to base 12
-705
What is -220 (base 10) in base 5?
-1340
-15253 (base 8) to base 16
-1aab
-43102 (base 6) to base 5
-141440
What is 440 (base 9) in base 8?
550
Convert -6b94 (base 15) to base 2.
-101100101010000
10044 (base 7) to base 5
34213
What is 2022 (base 3) in base 6?
142
-1762 (base 8) to base 12
-702
-11000000001010 (base 2) to base 7
-50566
What is 1b52 (base 16) in base 4?
1231102
-1013425 (base 6) to base 7
-262106
-32752 (base 8) to base 10
-13802
194 (base 14) to base 2
101000110
-57014 (base 10) to base 7
-325136
Convert -1201122201 (base 3) to base 12.
-17824
-40b9 (base 12) to base 8
-15615
Convert -10232 (base 6) to base 9.
-1812
Convert 101111000 (base 2) to base 5.
3001
100417 (base 8) to base 12
17153
Convert 111100011010 (base 2) to base 5.
110431
What is -30b (base 13) in base 8?
-1006
What is -1120 (base 6) in base 12?
-1a0
What is 39 (base 10) in base 2?
100111
Convert 751 (base 10) to base 3.
1000211
20022 (base 4) to base 16
20a
Convert -30214 (base 6) to base 12.
-236a
Convert be8e (base 16) to base 14.
13ac6
Convert 30031 (base 4) to base 7.
2164
-9b00 (base 16) to base 2
-1001101100000000
What is 1b30 (base 14) in base 6?
34514
Convert 2e1 (base 16) to base 2.
1011100001
-3474 (base 14) to base 3
-110111201
10125 (base 8) to base 12
2505
Convert -256446 (base 7) to base 11.
-32aa2
10000101000 (base 2) to base 14
560
Convert -31223 (base 4) to base 2.
-1101101011
Convert -1001001001 (base 2) to base 4.
-21021
What is -a3a (base 14) in base 6?
-13152
Convert -cc (base 15) to base 4.
-3000
What is -1566 (base 16) in base 10?
-5478
-2010 (base 4) to base 10
-132
-62238 (base 9) to base 5
-2303041
111110110001 (base 2) to base 4
332301
Convert -32475 (base 10) to base 3.
-1122112210
-438 (base 15) to base 6
-4225
100211122 (base 3) to base 14
2884
10332302 (base 4) to base 7
113324
Convert 3280 (base 9) to base 14.
c4d
Convert -8012 (base 9) to base 10.
-5843
-1250 (base 9) to base 2
-1110101000
What is 1118 (base 9) in base 2?
1100111011
What is -875 (base 11) in base 6?
-4510
What is 2030 (base 5) in base 14?
14d
Convert 302554 (base 6) to base 14.
8a46
Convert -3847 (base 13) to base 5.
-224002
What is 10111101010011 (base 2) in base 5?
341430
Convert 4012 (base 8) to base 5.
31213
What is -11a6 (base 11) in base 10?
-1568
What is 815 (base 15) in base 12?
1078
545 (base 12) to base 6
3325
-18b07 (base 13) to base 16
-bb83
What is -26621 (base 11) in base 4?
-21102001
236212 (base 7) to base 5
2333412
257 (base 13) to base 10
410
401041 (base 6) to base 10
31345
What is -26e (base 15) in base 5?
-4204
What is 103021 (base 4) in base 5?
14400
-2120100 (base 3) to base 9
-2510
What is -173 (base 16) in base 14?
-1c7
-d23 (base 14) to base 2
-101000010011
-1011000011 (base 2) to base 6
-3135
What is 671 (base 10) in base 15?
2eb
What is -126a4 (base 11) in base 2?
-100011011011111
-10322013 (base 4) to base 2
-100111010000111
10310130 (base 4) to base 5
1112430
What is 86a (base 15) in base 9?
2541
Convert -228aa (base 13) to base 15.
-13a08
What is -3838 (base 15) in base 9?
-17378
What is -1662 (base 7) in base 2?
-1010101001
What is -1245 (base 11) in base 5?
-22442
Convert 11220212 (base 3) to base 15.
10e2
-73452 (base 8) to base 15
-908b
Convert -4085 (base 11) to base 13.
-2609
What is -34511 (base 8) in base 16?
-3949
201101 (base 3) to base 4
20023
What is -596 (base 12) in base 11?
-699
Convert 1489 (base 11) to base 5.
30122
Convert 12574 (base 12) to base 6.
311424
What is -301 (base 13) in base 11?
-422
Convert 426 (base 10) to base 12.
2b6
Convert -5535 (base 6) to base 14.
-679
101776 (base 9) to base 11
41432
What is -3300220 (base 4) in base 2?
-11110000101000
1266 (base 7) to base 6
2133
1111011011100 (base 2) to base 6
100324
f02 (base 16) to base 7
14126
Convert 1a3 (base 12) to base 5.
2032
-741 (base 14) to base 7
-4111
-3640 (base 8) to base 14
-9d6
-3773 (base 9) to base 14
-1056
-93 (base 10) to base 15
-63
Convert -1031000 (base 4) to base 15.
-16d8
What is -102332 (base 7) in base 8?
-42377
Convert 2021222 (base 3) to base 12.
b75
What is 150 (base 9) in base 2?
1111110
233044 (base 6) to base 7
112435
Convert d9d (base 15) to base 6.
22121
What is 2999 (base 10) in base 15?
d4e
Convert 546 (base 14) to base 12.
72a
What is 1c69 (base 14) in base 11?
3998
Convert -10001110101100 (base 2) to base 4.
-2032230
509 (base 10) to base 13
302
Convert 1113 (base 9) to base 8.
1466
1080 (base 9) to base 10
801
350 (base 12) to base 7
1302
Convert -1202112 (base 3) to base 5.
-20113
What is -286 (base 13) in base 8?
-700
Convert 3275 (base 8) to base 16.
6bd
Convert 101 (base 14) to base 8.
305
2fe7 (base 16) to base 13
5774
-2305 (base 8) to base 13
-72c
-5013 (base 8) to base 7
-10332
Convert 46b6 (base 12) to base 4.
1323222
Convert 351 (base 8) to base 16.
e9
-46891 (base 10) to base 15
-dd61
Convert -104301 (base 8) to base 11.
-24337
What is 357 (base 12) in base 7?
1312
2311 (base 9) to base 7
4663
Convert 103 (base 4) to base 6.
31
Convert bbc (base 16) to base 3.
11010021
Convert 1e3 (base 15) to base 9.
536
-1854 (base 9) to base 5
-21201
227a (base 11) to base 2
101110101111
1415 (base 16) t